37 (base 16) to base 7
12055
10030 (base 6) to base 2
10100100010
What is -11746 (base 8) in base 13?
-241b
-880 (base 13) to base 16
-5b0
-2308 (base 11) to base 7
-11562
-4301 (base 8) to base 9
-3060
3805 (base 16) to base 6
150221
Convert -2b5 (base 13) to base 14.
-26a
586 (base 15) to base 14
655
Convert 346 (base 15) to base 3.
1000110
416 (base 13) to base 3
221202
Convert -5662 (base 8) to base 6.
-21510
Convert 4635 (base 7) to base 8.
3234
What is -22 (base 10) in base 8?
-26
What is -1211002 (base 3) in base 10?
-1325
40341 (base 5) to base 16
a24
What is 54c (base 14) in base 16?
418
Convert 2203104 (base 5) to base 13.
14339
What is b52c (base 13) in base 3?
1021100210
-5317 (base 16) to base 4
-11030113
Convert 1534 (base 9) to base 12.
811
What is -1013 (base 5) in base 12?
-b1
Convert -22671 (base 9) to base 5.
-441010
Convert -8a9 (base 16) to base 5.
-32332
-4a (base 11) to base 5
-204
965 (base 13) to base 2
11001000100
Convert 460 (base 7) to base 4.
3232
624a4 (base 11) to base 15
1bedb
What is 14605 (base 9) in base 2?
10011011110000
Convert 111210102 (base 3) to base 14.
3943
Convert 14c9 (base 13) to base 2.
101111011110
Convert 100000111011 (base 2) to base 6.
13431
What is -565 (base 8) in base 16?
-175
-21a82 (base 13) to base 12
-2b44b
What is 112020 (base 6) in base 8?
22454
What is 232 (base 7) in base 16?
79
11 (base 10) to base 13
b
Convert 16b3 (base 15) to base 10.
4893
-664 (base 16) to base 4
-121210
What is -a3 (base 16) in base 8?
-243
Convert 36430 (base 9) to base 12.
12160
-55023 (base 7) to base 15
-410c
Convert 3551 (base 6) to base 3.
1011211
Convert 1513 (base 6) to base 14.
20d
Convert 43302 (base 7) to base 16.
2a1e
What is 3505 (base 6) in base 13?
4c1
-1ce (base 16) to base 3
-122010
-4153 (base 6) to base 9
-1246
Convert -1134 (base 8) to base 4.
-21130
Convert -291b (base 12) to base 7.
-16631
730 (base 16) to base 9
2464
What is 25 (base 16) in base 11?
34
2112111011 (base 3) to base 15
ebd7
What is 1488 (base 10) in base 3?
2001010
What is -23245 (base 6) in base 15?
-ecb
46320 (base 10) to base 11
3188a
What is -1436 (base 7) in base 14?
-2c6
2655 (base 7) to base 6
4420
Convert -11000100 (base 2) to base 3.
-21021
What is -21313 (base 5) in base 3?
-2000000
What is -513356 (base 7) in base 11?
-5a945
5714 (base 11) to base 3
101022102
7177 (base 8) to base 7
13551
c5 (base 15) to base 13
113
Convert 12830 (base 9) to base 10.
8694
122 (base 7) to base 11
5a
Convert 55 (base 10) to base 12.
47
Convert 4564 (base 11) to base 7.
23330
Convert -25875 (base 9) to base 13.
-7c5b
Convert 2317 (base 13) to base 9.
6667
Convert a74 (base 13) to base 15.
7e0
Convert b26 (base 15) to base 12.
1553
Convert 58c0 (base 13) to base 5.
344433
-4072 (base 8) to base 3
-2220000
What is 1730 (base 12) in base 15?
c4c
Convert -1101101101 (base 2) to base 15.
-3d7
What is 5704 (base 8) in base 15?
d5c
What is -10364 (base 12) in base 5?
-1134434
Convert -5a30 (base 13) to base 8.
-30652
c2 (base 15) to base 11
156
Convert -4000 (base 9) to base 7.
-11334
What is -19129 (base 10) in base 11?
-13410
a8 (base 13) to base 10
138
What is 10011221 (base 3) in base 4?
210100
What is 403 (base 7) in base 2?
11000111
1001010 (base 3) to base 11
630
-1555 (base 10) to base 7
-4351
What is -21d9c (base 14) in base 3?
-11011211202
What is 12021 (base 3) in base 13?
ac
What is -11100110101 (base 2) in base 4?
-130311
Convert 10312 (base 13) to base 4.
13012123
Convert 1224123 (base 5) to base 9.
35412
What is 327 (base 10) in base 15?
16c
Convert 41d5 (base 14) to base 16.
2c5f
-735 (base 8) to base 9
-580
Convert 378b (base 16) to base 2.
11011110001011
Convert 1d53 (base 16) to base 15.
2357
-b65 (base 12) to base 9
-2245
-13568 (base 12) to base 16
-6860
Convert 1010230 (base 4) to base 9.
6024
9490 (base 12) to base 14
5cba
What is -20 (base 11) in base 8?
-26
What is 30424 (base 6) in base 10?
4048
What is 12850 (base 9) in base 8?
21010
What is -31142 (base 5) in base 3?
-2210211
Convert 23aa (base 11) to base 15.
dea
What is 223 (base 8) in base 7?
300
1c6 (base 13) to base 15
171
Convert -1468 (base 9) to base 4.
-101123
What is 10030200 (base 4) in base 10?
17184
What is -20a (base 16) in base 13?
-312
1346 (base 9) to base 15
479
-2d (base 14) to base 15
-2b
7464 (base 11) to base 14
3851
What is 10111010110100 (base 2) in base 5?
340311
Convert -897 (base 11) to base 9.
-1423
What is -615 (base 8) in base 11?
-331
What is -1331112 (base 4) in base 15?
-259c
Convert -522502 (base 6) to base 14.
-114a2
What is -21032 (base 4) in base 9?
-725
1430112 (base 5) to base 8
72520
Convert 328 (base 14) to base 13.
390
What is -100101001011100 (base 2) in base 7?
-106333
122111 (base 3) to base 7
1243
Convert -1558 (base 12) to base 9.
-3405
What is -141175 (base 8) in base 13?
-1987c
What is -556 (base 11) in base 10?
-666
-192 (base 15) to base 6
-1402
What is -201344 (base 5) in base 2?
-1100101001010
-725 (base 9) to base 15
-295
Convert 254 (base 7) to base 14.
9b
33255 (base 7) to base 9
12430
282 (base 13) to base 7
1203
-111142 (base 5) to base 3
-12101021
-234 (base 12) to base 8
-510
Convert 44131 (base 5) to base 11.
2315
Convert -109 (base 12) to base 15.
-a3
21740 (base 8) to base 13
4246
1111001011111 (base 2) to base 13
3701
Convert -1101010 (base 2) to base 5.
-411
Convert 104423 (base 9) to base 2.
1111001101100110
Convert 9264 (base 14) to base 5.
1301201
16817 (base 9) to base 16
2d4f
-6455 (base 7) to base 11
-17a6
What is 14a27 (base 13) in base 3?
1222121010
-1271 (base 16) to base 13
-21c2
What is -14069 (base 10) in base 5?
-422234
-370 (base 15) to base 4
-30030
What is 24655 (base 11) in base 7?
205120
-101001101001001 (base 2) to base 10
-21321
What is 23334 (base 5) in base 4?
122313
Convert -303113 (base 4) to base 14.
-12ab
Convert 10101011011 (base 2) to base 12.
963
Convert -21330 (base 4) to base 14.
-336
What is -4b5 (base 12) in base 11?
-599
What is 221200010 (base 3) in base 5?
1044324
Convert 2222100 (base 3) to base 12.
1309
What is -15d (base 16) in base 7?
-1006
-162021 (base 8) to base 12
-29955
What is 43063 (base 8) in base 12?
a497
856 (base 12) to base 4
103002
2103 (base 7) to base 5
10423
Convert -411 (base 6) to base 13.
-b8
Convert 14322 (base 5) to base 9.
1586
What is 560 (base 10) in base 3?
202202
What is -5e35 (base 15) in base 11?
-140a0
-64 (base 10) to base 15
-44
Convert 11210 (base 3) to base 13.
9c
Convert -72 (base 8) to base 13.
-46
What is -466 (base 12) in base 7?
-1623
Convert 140114 (base 5) to base 8.
13033
-14c9 (base 15) to base 13
-2055
-5b6 (base 16) to base 2
-10110110110
-1d5 (base 15) to base 3
-120202
What is -133b (base 13) in base 15?
-c39
e37 (base 15) to base 10
3202
Convert 353 (base 12) to base 8.
757
Convert 11661 (base 10) to base 14.
436d
Convert 1c2 (base 15) to base 5.
3112
What is -162554 (base 8) in base 13?
-2096b
What is -103d (base 16) in base 10?
-4157
Convert -171 (base 11) to base 9.
-241
What is 626 (base 7) in base 5?
2224
Convert 13687 (base 10) to base 16.
3577
Convert 283b (base 16) to base 5.
312144
Convert -230102 (base 4) to base 5.
-42314
Convert -cdc (base 16) to base 11.
-2523
What is 3631 (base 12) in base 4?
1133011
Convert 22476 (base 9) to base 6.
153153
What is 31210301 (base 4) in base 14?
16397
Convert -1225 (base 12) to base 4.
-133331
2726 (base 11) to base 6
24213
What is 2130 (base 4) in base 8?
234
Convert 7250 (base 13) to base 16.
3da6
15300 (base 6) to base 13
1191
Convert -221212122 (base 3) to base 12.
-aabb
31321 (base 5) to base 13
c46
What is -47a4 (base 11) in base 13?
-2b26
Convert -655 (base 8) to base 4.
-12231
Convert 134 (base 9) to base 6.
304
What is -1303 (base 7) in base 12?
-351
What is -100265 (base 7) in base 15?
-5052
36728 (base 12) to base 2
10001111110010000
-fb (base 16) to base 5
-2001
What is 4612 (base 7) in base 11?
1293
Convert -479 (base 15) to base 14.
-526
Convert 20 (base 5) to base 6.
14
2212321 (base 4) to base 13
4b28
-1023240 (base 5) to base 10
-17320
What is 8952 (base 13) in base 14?
6dac
Convert -160 (base 8) to base 16.
-70
-10101102 (base 3) to base 11
-1944
-28e (base 15) to base 2
-1001001000
What is 10c76 (base 13) in base 15?
915b
110002 (base 3) to ba